 the prime factors of 201478.
2, 131, 769
What are the prime factors of 620659?
13, 47743
What are the prime factors of 13403986?
2, 23, 211, 1381
List the prime factors of 38873705.
5, 13, 598057
List the prime factors of 3437750.
2, 5, 13751
What are the prime factors of 78978?
2, 3, 13163
List the prime factors of 87634.
2, 43, 1019
List the prime factors of 137294.
2, 19, 3613
What are the prime factors of 1581?
3, 17, 31
List the prime factors of 885554.
2, 442777
List the prime factors of 90833.
90833
List the prime factors of 477807.
3, 11, 14479
What are the prime factors of 396194?
2, 198097
What are the prime factors of 2620437?
3, 67, 13037
What are the prime factors of 105225?
3, 5, 23, 61
List the prime factors of 2196694.
2, 479, 2293
What are the prime factors of 6502085?
5, 19, 68443
What are the prime factors of 5742981?
3, 70901
What are the prime factors of 19431918?
2, 3, 11, 17, 23, 251
List the prime factors of 837147.
3, 173, 1613
What are the prime factors of 217664?
2, 19, 179
What are the prime factors of 1099389?
3, 366463
What are the prime factors of 2953643?
7, 11, 89, 431
List the prime factors of 66189.
3, 22063
What are the prime factors of 397836?
2, 3, 43, 257
What are the prime factors of 3431820?
2, 3, 5, 7, 8171
What are the prime factors of 212639?
7, 37, 821
List the prime factors of 2257273.
29, 277, 281
What are the prime factors of 26991264?
2, 3, 281159
List the prime factors of 1723567.
59, 131, 223
What are the prime factors of 193379?
193379
What are the prime factors of 665156?
2, 166289
What are the prime factors of 1540817?
719, 2143
What are the prime factors of 16070136?
2, 3, 37, 18097
What are the prime factors of 1568356?
2, 37, 10597
List the prime factors of 3847968.
2, 3, 31, 431
List the prime factors of 759409.
7, 157, 691
List the prime factors of 405976.
2, 31, 1637
What are the prime factors of 5476835?
5, 7, 13, 12037
What are the prime factors of 749670?
2, 3, 5, 24989
List the prime factors of 220322.
2, 110161
What are the prime factors of 495389?
495389
List the prime factors of 266987.
7, 43, 887
What are the prime factors of 811866?
2, 3, 11, 12301
List the prime factors of 2605347.
3, 337, 859
What are the prime factors of 11515020?
2, 3, 5, 11, 73, 239
What are the prime factors of 8544879?
3, 7, 29, 1559
What are the prime factors of 11019952?
2, 688747
List the prime factors of 3113388.
2, 3, 197, 439
What are the prime factors of 213411?
3, 11, 29, 223
What are the prime factors of 365723?
23, 15901
What are the prime factors of 78003?
3, 107
What are the prime factors of 1047275?
5, 163, 257
What are the prime factors of 281402?
2, 11, 12791
What are the prime factors of 3831403?
97, 39499
What are the prime factors of 9339?
3, 11, 283
What are the prime factors of 236771?
236771
What are the prime factors of 16775381?
7, 47, 50989
What are the prime factors of 457032?
2, 3, 137, 139
What are the prime factors of 1903345?
5, 101, 3769
What are the prime factors of 292876?
2, 17, 59, 73
What are the prime factors of 4148016?
2, 3, 103, 839
List the prime factors of 1633212.
2, 3, 7, 6481
List the prime factors of 177991.
11, 1471
List the prime factors of 2350098.
2, 3, 137, 953
What are the prime factors of 5069422?
2, 431, 5881
What are the prime factors of 3977937?
3, 147331
What are the prime factors of 23694129?
3, 149, 17669
What are the prime factors of 1788251?
701, 2551
List the prime factors of 1323185.
5, 264637
List the prime factors of 11322421.
11, 241, 4271
What are the prime factors of 93259?
179, 521
List the prime factors of 871918.
2, 547, 797
What are the prime factors of 366105?
3, 5, 24407
List the prime factors of 240583.
7, 34369
List the prime factors of 121840.
2, 5, 1523
What are the prime factors of 8084029?
373, 21673
List the prime factors of 5322762.
2, 3, 31, 9539
List the prime factors of 11651093.
41, 284173
List the prime factors of 1025310.
2, 3, 5, 11, 13, 239
What are the prime factors of 1384689?
3, 67, 83
List the prime factors of 8471327.
47, 180241
List the prime factors of 347433.
3, 115811
List the prime factors of 61939.
23, 2693
List the prime factors of 3425678.
2, 1712839
What are the prime factors of 31506214?
2, 67, 191, 1231
List the prime factors of 949754.
2, 13, 36529
What are the prime factors of 5802895?
5, 7, 37, 4481
What are the prime factors of 16479982?
2, 83, 99277
List the prime factors of 5265188.
2, 83, 15859
List the prime factors of 1455869.
41, 35509
List the prime factors of 5255242.
2, 349, 7529
List the prime factors of 697763.
11, 229, 277
List the prime factors of 2124835.
5, 424967
What are the prime factors of 2666550?
2, 3, 5, 29, 613
List the prime factors of 6645466.
2, 29, 114577
List the prime factors of 7206121.
13, 554317
List the prime factors of 371999.
371999
What are the prime factors of 762892?
2, 13, 17, 863
List the prime factors of 711052.
2, 177763
What are the prime factors of 314685?
3, 5, 7, 37
List the prime factors of 835006.
2, 17, 41, 599
List the prime factors of 53876.
2, 13469
What are the prime factors of 1672869?
3, 11, 163, 311
What are the prime factors of 2097942?
2, 3, 7, 11, 19, 239
List the prime factors of 7648096.
2, 17, 827
List the prime factors of 554810.
2, 5, 109, 509
What are the prime factors of 4306700?
2, 5, 43067
List the prime factors of 27108328.
2, 13, 277, 941
What are the prime factors of 177921?
3, 53, 373
List the prime factors of 114110.
2, 5, 11411
What are the prime factors of 668718?
2, 3, 97, 383
What are the prime factors of 259285?
5, 13, 3989
What are the prime factors of 2039781?
3, 223, 3049
What are the prime factors of 1356938?
2, 11, 37, 1667
List the prime factors of 4665306.
2, 3, 777551
What are the prime factors of 669844?
2, 7, 47, 509
What are the prime factors of 512279?
23, 22273
What are the prime factors of 5007607?
11, 455237
What are the prime factors of 266394?
2, 3, 29, 1531
List the prime factors of 55777.
17, 193
List the prime factors of 35160477.
3, 11, 1065469
What are the prime factors of 9042068?
2, 7, 46133
What are the prime factors of 1753006?
2, 17, 47, 1097
What are the prime factors of 2161315?
5, 13, 41, 811
List the prime factors of 10186063.
37, 275299
List the prime factors of 1886678.
2, 79, 11941
List the prime factors of 2155141.
17, 331, 383
What are the prime factors of 1899838?
2, 53, 17923
What are the prime factors of 207011?
7, 29573
List the prime factors of 279209.
7, 39887
What are the prime factors of 467186?
2, 191, 1223
What are the prime factors of 301854?
2, 3, 7, 7187
List the prime factors of 192567.
3, 64189
What are the prime factors of 920448?
2, 3, 17, 47
List the prime factors of 1111692.
2, 3, 92641
What are the prime factors of 1867520?
2, 5, 1459
List the prime factors of 1090121.
79, 13799
List the prime factors of 22732263.
3, 2525807
What are the prime factors of 19742855?
5, 11, 23, 15607
List the prime factors of 5803268.
2, 23, 63079
What are the prime factors of 12526523?
269, 46567
List the prime factors of 5003550.
2, 3, 5, 11119
List the prime factors of 261552.
2, 3, 5449
List the prime factors of 445178.
2, 41, 61, 89
List the prime factors of 2755411.
17, 109, 1487
List the prime factors of 1159266.
2, 3, 19, 10169
List the prime factors of 666115.
5, 127, 1049
List the prime factors of 2290692.
2, 3, 190891
List the prime factors of 61593.
3, 7, 419
What are the prime factors of 14907835?
5, 67, 44501
List the prime factors of 7712937.
3, 856993
List the prime factors of 16907132.
2, 11, 384253
What are the prime factors of 10194141?
3, 3398047
List the prime factors of 73126.
2, 36563
What are the prime factors of 6434801?
71, 90631
What are the prime factors of 1787918?
2, 11, 181, 449
What are the prime factors of 148034?
2, 74017
What are the prime factors of 12915568?
2, 577, 1399
List the prime factors of 485210.
2, 5, 11, 401
What are the prime factors of 17051239?
1091, 15629
List the prime factors of 3295451.
3295451
List the prime factors of 1975819.
1975819
What are the prime factors of 544488?
2, 3, 7, 463
What are the prime factors of 3070386?
2, 3, 11, 1723
List the prime factors of 226724.
2, 56681
What are the prime factors of 158512?
2, 99